{"id":89116,"date":"2022-11-20T11:00:40","date_gmt":"2022-11-20T11:00:40","guid":{"rendered":"https:\/\/www.federacao-triatlo.pt\/ftp2015\/?page_id=89116"},"modified":"2026-08-19T16:16:37","modified_gmt":"2026-08-19T15:16:37","slug":"formacao","status":"publish","type":"page","link":"https:\/\/www.federacao-triatlo.pt\/ftp2015\/formacao\/","title":{"rendered":"Forma\u00e7\u00e3o"},"content":{"rendered":"<div class=\"fusion-fullwidth fullwidth-box fusion-builder-row-1 fusion-flex-container has-pattern-background has-mask-background nonhundred-percent-fullwidth non-hundred-percent-height-scrolling\" style=\"--awb-border-radius-top-left:0px;--awb-border-radius-top-right:0px;--awb-border-radius-bottom-right:0px;--awb-border-radius-bottom-left:0px;--awb-padding-top:0px;--awb-margin-top:0px;--awb-margin-bottom:0px;--awb-flex-wrap:wrap;\" ><div class=\"fusion-builder-row fusion-row fusion-flex-align-items-flex-start fusion-flex-content-wrap\" style=\"max-width:1476px;margin-left: calc(-23% \/ 2 );margin-right: calc(-23% \/ 2 );\"><div class=\"fusion-layout-column fusion_builder_column fusion-builder-column-0 fusion_builder_column_1_1 1_1 fusion-flex-column\" style=\"--awb-bg-size:cover;--awb-width-large:100%;--awb-margin-top-large:0px;--awb-spacing-right-large:8.855%;--awb-margin-bottom-large:20px;--awb-spacing-left-large:8.855%;--awb-width-medium:100%;--awb-order-medium:0;--awb-spacing-right-medium:8.855%;--awb-spacing-left-medium:8.855%;--awb-width-small:100%;--awb-order-small:0;--awb-spacing-right-small:8.855%;--awb-spacing-left-small:8.855%;\"><div class=\"fusion-column-wrapper fusion-column-has-shadow fusion-flex-justify-content-flex-start fusion-content-layout-column\"><div class=\"fusion-text fusion-text-1\"><p>O departamento de Forma\u00e7\u00e3o da Federa\u00e7\u00e3o de Triatlo de Portugal tem como miss\u00e3o promover o desenvolvimento cont\u00ednuo dos agentes da modalidade, assegurando uma forma\u00e7\u00e3o de qualidade, atualizada e alinhada com as exig\u00eancias t\u00e9cnicas, pedag\u00f3gicas e \u00e9ticas do triatlo.<\/p>\n<p>Atrav\u00e9s dos cursos de treinadores e \u00e1rbitros, a\u00e7\u00f5es de forma\u00e7\u00e3o cont\u00ednua e outras iniciativas formativas com os diferentes agentes da modalidade, a Federa\u00e7\u00e3o de Triatlo de Portugal pretende contribuir para a qualifica\u00e7\u00e3o dos recursos humanos, o crescimento sustentado da modalidade e a melhoria do desempenho desportivo em todos os n\u00edveis de pr\u00e1tica.<\/p>\n<p>No <a href=\"https:\/\/www.federacao-triatlo.pt\/ftp2015\/formacao\/calendario-de-formacao\/\" target=\"_blank\" rel=\"noopener\">calend\u00e1rio da Forma\u00e7\u00e3o<\/a> podem consultar as a\u00e7\u00f5es de forma\u00e7\u00e3o definidas para os pr\u00f3ximos meses. A abertura de inscri\u00e7\u00f5es e\/ou o agendamento de novas forma\u00e7\u00f5es ser\u00e3o anunciadas, em tempo oportuno, nos canais da FTP.<\/p>\n<p>Alguma d\u00favida ou quest\u00e3o, t\u00eam dispon\u00edvel o endere\u00e7o de e-mail: <a href=\"mailto:formacao@federacao-triatlo.pt\">formacao@federacao-triatlo.pt<\/a><\/p>\n<\/div><\/div><\/div><\/div><\/div>\n","protected":false},"excerpt":{"rendered":"","protected":false},"author":15430,"featured_media":0,"parent":0,"menu_order":8,"comment_status":"closed","ping_status":"closed","template":"","meta":{"footnotes":""},"_links":{"self":[{"href":"https:\/\/www.federacao-triatlo.pt\/ftp2015\/wp-json\/wp\/v2\/pages\/89116"}],"collection":[{"href":"https:\/\/www.federacao-triatlo.pt\/ftp2015\/wp-json\/wp\/v2\/pages"}],"about":[{"href":"https:\/\/www.federacao-triatlo.pt\/ftp2015\/wp-json\/wp\/v2\/types\/page"}],"author":[{"embeddable":true,"href":"https:\/\/www.federacao-triatlo.pt\/ftp2015\/wp-json\/wp\/v2\/users\/15430"}],"replies":[{"embeddable":true,"href":"https:\/\/www.federacao-triatlo.pt\/ftp2015\/wp-json\/wp\/v2\/comments?post=89116"}],"version-history":[{"count":9,"href":"https:\/\/www.federacao-triatlo.pt\/ftp2015\/wp-json\/wp\/v2\/pages\/89116\/revisions"}],"predecessor-version":[{"id":108970,"href":"https:\/\/www.federacao-triatlo.pt\/ftp2015\/wp-json\/wp\/v2\/pages\/89116\/revisions\/108970"}],"wp:attachment":[{"href":"https:\/\/www.federacao-triatlo.pt\/ftp2015\/wp-json\/wp\/v2\/media?parent=89116"}],"curies":[{"name":"wp","href":"https:\/\/api.w.org\/{rel}","templated":true}]}}

Formação

<div class="fusion-fullwidth fullwidth-box fusion-builder-row-1 fusion-flex-container has-pattern-background has-mask-background nonhundred-percent-fullwidth non-hundred-percent-height-scrolling" style="--awb-border-radius-top-left:0px;--awb-border-radius-top-right:0px;--awb-border-radius-bottom-right:0px;--awb-border-radius-bottom-left:0px;--awb-padding-top:0px;--awb-margin-top:0px;--awb-margin-bottom:0px;--awb-flex-wrap:wrap;" ><div class="fusion-builder-row fusion-row fusion-flex-align-items-flex-start fusion-flex-content-wrap" style="max-width:1476px;margin-left: calc(-23% / 2 );margin-right: calc(-23% / 2 );"><div class="fusion-layout-column fusion_builder_column fusion-builder-column-0 fusion_builder_column_1_1 1_1 fusion-flex-column" style="--awb-bg-size:cover;--awb-width-large:100%;--awb-margin-top-large:0px;--awb-spacing-right-large:8.855%;--awb-margin-bottom-large:20px;--awb-spacing-left-large:8.855%;--awb-width-medium:100%;--awb-order-medium:0;--awb-spacing-right-medium:8.855%;--awb-spacing-left-medium:8.855%;--awb-width-small:100%;--awb-order-small:0;--awb-spacing-right-small:8.855%;--awb-spacing-left-small:8.855%;"><div class="fusion-column-wrapper fusion-column-has-shadow fusion-flex-justify-content-flex-start fusion-content-layout-column"><div class="fusion-text fusion-text-1"><p>O departamento de Formação da Federação de Triatlo de Portugal tem como missão promover o desenvolvimento contínuo dos agentes da modalidade, assegurando uma formação de qualidade, atualizada e alinhada com as exigências técnicas, pedagógicas e éticas do triatlo.</p>
<p>Através dos cursos de treinadores e árbitros, ações de formação contínua e outras iniciativas formativas com os diferentes agentes da modalidade, a Federação de Triatlo de Portugal pretende contribuir para a qualificação dos recursos humanos, o crescimento sustentado da modalidade e a melhoria do desempenho desportivo em todos os níveis de prática.</p>
<p>No <a href="https://www.federacao-triatlo.pt/ftp2015/formacao/calendario-de-formacao/" target="_blank" rel="noopener">calendário da Formação</a> podem consultar as ações de formação definidas para os próximos meses. A abertura de inscrições e/ou o agendamento de novas formações serão anunciadas, em tempo oportuno, nos canais da FTP.</p>
<p>Alguma dúvida ou questão, têm disponível o endereço de e-mail: <a href="mailto:formacao@federacao-triatlo.pt">formacao@federacao-triatlo.pt</a></p>
</div></div></div></div></div>
