{"id":622,"date":"2015-02-13T10:54:38","date_gmt":"2015-02-13T10:54:38","guid":{"rendered":"https:\/\/www.federacao-triatlo.pt\/ftp2015\/?page_id=622"},"modified":"2026-01-09T13:04:54","modified_gmt":"2026-01-09T13:04:54","slug":"age-groups","status":"publish","type":"page","link":"https:\/\/www.federacao-triatlo.pt\/ftp2015\/age-groups\/","title":{"rendered":"Age Groups"},"content":{"rendered":"<div class=\"fusion-fullwidth fullwidth-box fusion-builder-row-1 fusion-flex-container nonhundred-percent-fullwidth non-hundred-percent-height-scrolling\" style=\"--awb-border-radius-top-left:0px;--awb-border-radius-top-right:0px;--awb-border-radius-bottom-right:0px;--awb-border-radius-bottom-left:0px;--awb-flex-wrap:wrap;\" ><div class=\"fusion-builder-row fusion-row fusion-flex-align-items-flex-start fusion-flex-content-wrap\" style=\"max-width:1476px;margin-left: calc(-23% \/ 2 );margin-right: calc(-23% \/ 2 );\"><div class=\"fusion-layout-column fusion_builder_column fusion-builder-column-0 fusion_builder_column_1_1 1_1 fusion-flex-column\" style=\"--awb-bg-size:cover;--awb-width-large:100%;--awb-margin-top-large:0px;--awb-spacing-right-large:8.855%;--awb-margin-bottom-large:0px;--awb-spacing-left-large:8.855%;--awb-width-medium:100%;--awb-spacing-right-medium:8.855%;--awb-spacing-left-medium:8.855%;--awb-width-small:100%;--awb-spacing-right-small:8.855%;--awb-spacing-left-small:8.855%;\"><div class=\"fusion-column-wrapper fusion-flex-justify-content-flex-start fusion-content-layout-column\"><div class=\"fusion-text fusion-text-1\"><h2 class=\"fusion-responsive-typography-calculated\" style=\"--fontsize: 24; line-height: 1.69;\" data-fontsize=\"24\" data-lineheight=\"40.56px\">Programa Age Group Triatlo Portugal 2026<\/h2>\n<p>Esta iniciativa permite desenvolver e promover todos os atletas Age Group que queiram participar nos Campeonatos<br \/>\nEuropeus e\/ou Mundiais 2026 de cada especialidade, al\u00e9m-fronteiras.<\/p>\n<p>Para os Campeonatos Europeu e Mundial em geral, todos os atletas dever\u00e3o obrigatoriamente ter a Licen\u00e7a da<br \/>\nFedera\u00e7\u00e3o<br \/>\nde Triatlo de Portugal, bem como o <span style=\"color: #0000ff;\"><strong><a style=\"color: #0000ff;\" href=\"https:\/\/www.federacao-triatlo.pt\/ftp2015\/como-garantir-o-equipamento-ag-portugal\/\" target=\"_blank\" rel=\"noopener\">equipamento oficial AG Portugal<\/a><\/strong><\/span>.<\/p>\n<p>Este programa de apoio aos \u201cAge Group\u201d portugueses da Federa\u00e7\u00e3o de Triatlo de Portugal, proporciona a todos os<br \/>\natletas de estarem ao mais alto n\u00edvel mundial e alinhar com os melhores triatletas do mundo.<\/p>\n<p>Todos os atletas de triatlo interessados em competir em um ou mais Campeonatos Mundiais ou Europeus organizados<br \/>\neste<br \/>\nano pela World Triathlon (WT) e Europe Triathlon (ETU), dever\u00e3o respetivamente conter:<\/p>\n<ul>\n<li>Nacionalidade Portuguesa ou resid\u00eancia Portugal;<\/li>\n<li>Licen\u00e7a desportiva 2026 &#8211; FTP;<\/li>\n<li>Atestado m\u00e9dico v\u00e1lido;<\/li>\n<li>Roupa de competi\u00e7\u00e3o Nacional de triatlo ou duatlo;<\/li>\n<li>Impress\u00e3o do traje de competi\u00e7\u00e3o de acordo com as Regras Uniformes Internacionais.<\/li>\n<\/ul>\n<p><iframe style=\"width: 100%; max-width: 100%; border: 0; min-height: 600px;\" src=\"https:\/\/docs.google.com\/spreadsheets\/d\/e\/2PACX-1vSUvsXd8QFBcJ5cXjBZbEoEEnXX8vBGRcHr-XAqUJjyiXSTWbmkxOb3spDuFwHnHE1lVLKbk_-5RDmd\/pubhtml?widget=true&amp;headers=false\" frameborder=\"0\"><span data-mce-type=\"bookmark\" style=\"display: inline-block; width: 0px; overflow: hidden; line-height: 0;\" class=\"mce_SELRES_start\">\ufeff<\/span><span data-mce-type=\"bookmark\" style=\"display: inline-block; width: 0px; overflow: hidden; line-height: 0;\" class=\"mce_SELRES_start\">\ufeff<\/span><\/iframe><\/p>\n<p><span style=\"color: #ff0000;\"><strong>(1)<\/strong><span style=\"color: #000000;\"> &#8211; Pre\u00e7os com taxas e IVA inclu\u00eddos. Taxa de processamento Njuko (+8%) n\u00e3o inclu\u00edda. Consulte as pol\u00edticas de reembolso no site do organizador. Taxas de processamento n\u00e3o reembols\u00e1vel.<\/span><\/span><\/p>\n<p><strong><br \/>\nNota importante<\/strong>: A idade de um atleta \u00e9 determinada pela idade em 31 de dezembro do ano da<br \/>\ncompeti\u00e7\u00e3o. Verifique se voc\u00ea se inscreveu na categoria de idade correta.<\/p>\n<p>Para mais informa\u00e7\u00f5es por favor envie email para <span style=\"color: #0000ff;\"><a style=\"color: #0000ff;\" href=\"mailto:diogo.pina.pereira@federacao-triatlo.pt\">diogo.pina.pereira@federacao-triatlo.pt<\/a><\/span>.<\/p>\n<p>O crit\u00e9rios de participa\u00e7\u00e3o em provas internacionais est\u00e3o definidos no <a href=\"https:\/\/www.federacao-triatlo.pt\/ftp2015\/wp-content\/uploads\/2015\/01\/regulamento-participacao-internacional-age-groups-2022-06-15.pdf\">Regulamento<br \/>\nde Participa\u00e7\u00e3o Internacional em Age Groups.<\/a><\/p>\n<\/div><\/div><\/div><\/div><\/div>\n","protected":false},"excerpt":{"rendered":"","protected":false},"author":4,"featured_media":0,"parent":0,"menu_order":5,"comment_status":"closed","ping_status":"closed","template":"","meta":{"footnotes":""},"_links":{"self":[{"href":"https:\/\/www.federacao-triatlo.pt\/ftp2015\/wp-json\/wp\/v2\/pages\/622"}],"collection":[{"href":"https:\/\/www.federacao-triatlo.pt\/ftp2015\/wp-json\/wp\/v2\/pages"}],"about":[{"href":"https:\/\/www.federacao-triatlo.pt\/ftp2015\/wp-json\/wp\/v2\/types\/page"}],"author":[{"embeddable":true,"href":"https:\/\/www.federacao-triatlo.pt\/ftp2015\/wp-json\/wp\/v2\/users\/4"}],"replies":[{"embeddable":true,"href":"https:\/\/www.federacao-triatlo.pt\/ftp2015\/wp-json\/wp\/v2\/comments?post=622"}],"version-history":[{"count":45,"href":"https:\/\/www.federacao-triatlo.pt\/ftp2015\/wp-json\/wp\/v2\/pages\/622\/revisions"}],"predecessor-version":[{"id":105194,"href":"https:\/\/www.federacao-triatlo.pt\/ftp2015\/wp-json\/wp\/v2\/pages\/622\/revisions\/105194"}],"wp:attachment":[{"href":"https:\/\/www.federacao-triatlo.pt\/ftp2015\/wp-json\/wp\/v2\/media?parent=622"}],"curies":[{"name":"wp","href":"https:\/\/api.w.org\/{rel}","templated":true}]}}

<div class="fusion-fullwidth fullwidth-box fusion-builder-row-1 fusion-flex-container nonhundred-percent-fullwidth non-hundred-percent-height-scrolling" style="--awb-border-radius-top-left:0px;--awb-border-radius-top-right:0px;--awb-border-radius-bottom-right:0px;--awb-border-radius-bottom-left:0px;--awb-flex-wrap:wrap;" ><div class="fusion-builder-row fusion-row fusion-flex-align-items-flex-start fusion-flex-content-wrap" style="max-width:1476px;margin-left: calc(-23% / 2 );margin-right: calc(-23% / 2 );"><div class="fusion-layout-column fusion_builder_column fusion-builder-column-0 fusion_builder_column_1_1 1_1 fusion-flex-column" style="--awb-bg-size:cover;--awb-width-large:100%;--awb-margin-top-large:0px;--awb-spacing-right-large:8.855%;--awb-margin-bottom-large:0px;--awb-spacing-left-large:8.855%;--awb-width-medium:100%;--awb-spacing-right-medium:8.855%;--awb-spacing-left-medium:8.855%;--awb-width-small:100%;--awb-spacing-right-small:8.855%;--awb-spacing-left-small:8.855%;"><div class="fusion-column-wrapper fusion-flex-justify-content-flex-start fusion-content-layout-column"><div class="fusion-text fusion-text-1"><h2 class="fusion-responsive-typography-calculated" style="--fontsize: 24; line-height: 1.69;" data-fontsize="24" data-lineheight="40.56px">Programa Age Group Triatlo Portugal 2026</h2>
<p>Esta iniciativa permite desenvolver e promover todos os atletas Age Group que queiram participar nos Campeonatos<br />
Europeus e/ou Mundiais 2026 de cada especialidade, além-fronteiras.</p>
<p>Para os Campeonatos Europeu e Mundial em geral, todos os atletas deverão obrigatoriamente ter a Licença da<br />
Federação<br />
de Triatlo de Portugal, bem como o <span style="color: #0000ff;"><strong><a style="color: #0000ff;" href="https://www.federacao-triatlo.pt/ftp2015/como-garantir-o-equipamento-ag-portugal/" target="_blank" rel="noopener">equipamento oficial AG Portugal</a></strong></span>.</p>
<p>Este programa de apoio aos “Age Group” portugueses da Federação de Triatlo de Portugal, proporciona a todos os<br />
atletas de estarem ao mais alto nível mundial e alinhar com os melhores triatletas do mundo.</p>
<p>Todos os atletas de triatlo interessados em competir em um ou mais Campeonatos Mundiais ou Europeus organizados<br />
este<br />
ano pela World Triathlon (WT) e Europe Triathlon (ETU), deverão respetivamente conter:</p>
<ul>
<li>Nacionalidade Portuguesa ou residência Portugal;</li>
<li>Licença desportiva 2026 &#8211; FTP;</li>
<li>Atestado médico válido;</li>
<li>Roupa de competição Nacional de triatlo ou duatlo;</li>
<li>Impressão do traje de competição de acordo com as Regras Uniformes Internacionais.</li>
</ul>
<p><iframe style="width: 100%; max-width: 100%; border: 0; min-height: 600px;" src="https://docs.google.com/spreadsheets/d/e/2PACX-1vSUvsXd8QFBcJ5cXjBZbEoEEnXX8vBGRcHr-XAqUJjyiXSTWbmkxOb3spDuFwHnHE1lVLKbk_-5RDmd/pubhtml?widget=true&amp;headers=false" frameborder="0"><span data-mce-type="bookmark" style="display: inline-block; width: 0px; overflow: hidden; line-height: 0;" class="mce_SELRES_start">﻿</span><span data-mce-type="bookmark" style="display: inline-block; width: 0px; overflow: hidden; line-height: 0;" class="mce_SELRES_start">﻿</span></iframe></p>
<p><span style="color: #ff0000;"><strong>(1)</strong><span style="color: #000000;"> &#8211; Preços com taxas e IVA incluídos. Taxa de processamento Njuko (+8%) não incluída. Consulte as políticas de reembolso no site do organizador. Taxas de processamento não reembolsável.</span></span></p>
<p><strong><br />
Nota importante</strong>: A idade de um atleta é determinada pela idade em 31 de dezembro do ano da<br />
competição. Verifique se você se inscreveu na categoria de idade correta.</p>
<p>Para mais informações por favor envie email para <span style="color: #0000ff;"><a style="color: #0000ff;" href="mailto:diogo.pina.pereira@federacao-triatlo.pt">diogo.pina.pereira@federacao-triatlo.pt</a></span>.</p>
<p>O critérios de participação em provas internacionais estão definidos no <a href="https://www.federacao-triatlo.pt/ftp2015/wp-content/uploads/2015/01/regulamento-participacao-internacional-age-groups-2022-06-15.pdf">Regulamento<br />
de Participação Internacional em Age Groups.</a></p>
</div></div></div></div></div>
