{"id":53,"date":"2014-12-26T12:00:16","date_gmt":"2014-12-26T12:00:16","guid":{"rendered":"https:\/\/www.federacao-triatlo.pt\/ftp2015\/?page_id=53"},"modified":"2024-01-29T16:34:08","modified_gmt":"2024-01-29T16:34:08","slug":"deliberacoes-de-c-d-e-c-j","status":"publish","type":"page","link":"https:\/\/www.federacao-triatlo.pt\/ftp2015\/a-federacao\/deliberacoes-de-c-d-e-c-j\/","title":{"rendered":"Delibera\u00e7\u00f5es de C.D. e C.J."},"content":{"rendered":"<h2>DELIBERA\u00c7\u00d5ES DO CONSELHO DE DISCIPLINA E DO CONSELHO DE JUSTI\u00c7A<\/h2>\n<p><b>2019<\/b><\/p>\n<p><a href=\"https:\/\/www.federacao-triatlo.pt\/ftp2015\/wp-content\/uploads\/2019\/08\/Acordao.pdf\" target=\"_blank\" rel=\"noopener noreferrer\">Delibera\u00e7\u00e3o 01\/2019<\/a><\/p>\n<p><a href=\"https:\/\/www.federacao-triatlo.pt\/ftp2015\/wp-content\/uploads\/2019\/10\/Acordao_2_2019.pdf\">Delibera\u00e7\u00e3o 02\/2019<\/a><\/p>\n","protected":false},"excerpt":{"rendered":"<p>DELIBERA\u00c7\u00d5ES DO CONSELHO DE DISCIPLINA E DO CONSELHO DE JUSTI\u00c7A [&hellip;]<\/p>\n","protected":false},"author":1,"featured_media":0,"parent":525,"menu_order":8,"comment_status":"closed","ping_status":"closed","template":"","meta":{"footnotes":""},"_links":{"self":[{"href":"https:\/\/www.federacao-triatlo.pt\/ftp2015\/wp-json\/wp\/v2\/pages\/53"}],"collection":[{"href":"https:\/\/www.federacao-triatlo.pt\/ftp2015\/wp-json\/wp\/v2\/pages"}],"about":[{"href":"https:\/\/www.federacao-triatlo.pt\/ftp2015\/wp-json\/wp\/v2\/types\/page"}],"author":[{"embeddable":true,"href":"https:\/\/www.federacao-triatlo.pt\/ftp2015\/wp-json\/wp\/v2\/users\/1"}],"replies":[{"embeddable":true,"href":"https:\/\/www.federacao-triatlo.pt\/ftp2015\/wp-json\/wp\/v2\/comments?post=53"}],"version-history":[{"count":2,"href":"https:\/\/www.federacao-triatlo.pt\/ftp2015\/wp-json\/wp\/v2\/pages\/53\/revisions"}],"predecessor-version":[{"id":99482,"href":"https:\/\/www.federacao-triatlo.pt\/ftp2015\/wp-json\/wp\/v2\/pages\/53\/revisions\/99482"}],"up":[{"embeddable":true,"href":"https:\/\/www.federacao-triatlo.pt\/ftp2015\/wp-json\/wp\/v2\/pages\/525"}],"wp:attachment":[{"href":"https:\/\/www.federacao-triatlo.pt\/ftp2015\/wp-json\/wp\/v2\/media?parent=53"}],"curies":[{"name":"wp","href":"https:\/\/api.w.org\/{rel}","templated":true}]}}

Deliberações de C.D. e C.J.

<h2>DELIBERAÇÕES DO CONSELHO DE DISCIPLINA E DO CONSELHO DE JUSTIÇA</h2>
<p><b>2019</b></p>
<p><a href="https://www.federacao-triatlo.pt/ftp2015/wp-content/uploads/2019/08/Acordao.pdf" target="_blank" rel="noopener noreferrer">Deliberação 01/2019</a></p>
<p><a href="https://www.federacao-triatlo.pt/ftp2015/wp-content/uploads/2019/10/Acordao_2_2019.pdf">Deliberação 02/2019</a></p>

<p>DELIBERAÇÕES DO CONSELHO DE DISCIPLINA E DO CONSELHO DE JUSTIÇA [&hellip;]</p>
