{"id":41648,"date":"2018-11-29T10:47:16","date_gmt":"2018-11-29T10:47:16","guid":{"rendered":"https:\/\/www.federacao-triatlo.pt\/ftp2015\/?page_id=41648"},"modified":"2024-03-05T13:12:46","modified_gmt":"2024-03-05T13:12:46","slug":"apresentacao","status":"publish","type":"page","link":"https:\/\/www.federacao-triatlo.pt\/ftp2015\/triatlo-para-todos\/paratriatlo\/apresentacao\/","title":{"rendered":"Apresenta\u00e7\u00e3o e Objetivos"},"content":{"rendered":"<p class=\"p1\"><span class=\"s1\"><b>Apresenta\u00e7\u00e3o<\/b><\/span><\/p>\n<p class=\"p3\"><span class=\"s1\">A Miss\u00e3o da Federa\u00e7\u00e3o de Triatlo de Portugal consiste em \u201cpromover, regulamentar, dirigir e expandir a pr\u00e1tica desportiva do triatlo e das modalidades afins \u2013 o duatlo e o aquatlo \u2013 em todo o territ\u00f3rio nacional, ao mesmo tempo garantir uma representa\u00e7\u00e3o condigna dos atletas portugueses em provas internacionais.\u201d<\/span><\/p>\n<p class=\"p3\"><span class=\"s1\">O Triatlo enquanto desporto ecl\u00e9tico e moderno tem vindo a afirmar-se como um grande ve\u00edculo de promo\u00e7\u00e3o de um estilo de vida saud\u00e1vel. Tendo presente o potencial que encerra, julgamos ser pertinente alargar e incentivar a sua pr\u00e1tica, maximizando o acesso e a participa\u00e7\u00e3o em atividades f\u00edsicas.<\/span><\/p>\n<p class=\"p4\"><span class=\"s1\">O Paratriatlo como modalidade ol\u00edmpica associa-nos tamb\u00e9m ao Comit\u00e9 Paral\u00edmpico de Portugal, assentando os principais valores na \u201cIgualdade, Inclus\u00e3o e Excel\u00eancia Desportiva\u201d. O grande marco na hist\u00f3ria da nossa modalidade aconteceu nos Jogos Paral\u00edmpicos, no Rio Janeiro em 2016, onde o Paratriatlo obteve a sua estreia como modalidade parol\u00edmpica. <\/span><\/p>\n<p class=\"p4\"><a href=\"https:\/\/www.federacao-triatlo.pt\/ftp2015\/wp-content\/uploads\/2018\/11\/WGA_8847.jpg\"><img decoding=\"async\" class=\"wp-image-41675 alignleft\" src=\"https:\/\/www.federacao-triatlo.pt\/ftp2015\/wp-content\/uploads\/2018\/11\/WGA_8847-300x200.jpg\" alt=\"\" width=\"291\" height=\"194\" srcset=\"https:\/\/www.federacao-triatlo.pt\/ftp2015\/wp-content\/uploads\/2018\/11\/WGA_8847-300x200.jpg 300w, https:\/\/www.federacao-triatlo.pt\/ftp2015\/wp-content\/uploads\/2018\/11\/WGA_8847-500x334.jpg 500w, https:\/\/www.federacao-triatlo.pt\/ftp2015\/wp-content\/uploads\/2018\/11\/WGA_8847-600x401.jpg 600w, https:\/\/www.federacao-triatlo.pt\/ftp2015\/wp-content\/uploads\/2018\/11\/WGA_8847-768x513.jpg 768w, https:\/\/www.federacao-triatlo.pt\/ftp2015\/wp-content\/uploads\/2018\/11\/WGA_8847-1024x684.jpg 1024w, https:\/\/www.federacao-triatlo.pt\/ftp2015\/wp-content\/uploads\/2018\/11\/WGA_8847.jpg 1600w\" sizes=\"(max-width: 291px) 100vw, 291px\" \/><\/a><\/p>\n<p class=\"p1\"><span class=\"s1\"><b>Objetivos<\/b><\/span><\/p>\n<p class=\"p3\"><span class=\"s1\">Os principais objetivos da International Triathlon Union (ITU), nos quais nos revemos e pretendemos aplicar em territ\u00f3rio nacional, consistem em:<\/span><\/p>\n<ul class=\"ul1\">\n<li class=\"li3\"><span class=\"s1\">Divulgar o Paratriatlo, incentivar a pr\u00e1tica e dar a conhecer a modalidade para que consequentemente a participa\u00e7\u00e3o tamb\u00e9m aumente.<\/span><\/li>\n<li class=\"li3\"><span class=\"s1\">Aposta no Projeto de Prepara\u00e7\u00e3o Paral\u00edmpica com vista os Jogos de Tokyo 2020. <\/span><\/li>\n<li class=\"li3\"><span class=\"s1\">Organiza\u00e7\u00e3o e fomenta\u00e7\u00e3o do Calend\u00e1rio Nacional de Competi\u00e7\u00f5es de Paratriatlo e de Duatlo.<\/span><\/li>\n<li class=\"li3\"><span class=\"s1\">Lan\u00e7amento do Programa de Apoio aos Clubes com Atletas de Paratriatlo.<\/span><\/li>\n<li class=\"li3\"><span class=\"s1\">Especializa\u00e7\u00e3o e Forma\u00e7\u00e3o de Treinadores em Paratriatlo<\/span><\/li>\n<li class=\"li3\"><span class=\"s1\">Lan\u00e7amento do Programa de Apoio aos Clubes com Atletas de Paratriatlo.<\/span><\/li>\n<li class=\"li3\"><span class=\"s1\">Fomentar a presen\u00e7a de princ\u00edpios \u00e9ticos e Fair Play, construindo um sistema de classifica\u00e7\u00e3o justo.<\/span><\/li>\n<li class=\"li3\"><span class=\"s1\">Trabalhar em conjunto com entidades que promovam valores, partilhem os mesmos objetivos nomeadamente o aumento de pr\u00e1tica desportiva e que estejam interessadas em contribuir para bom desenvolvimento do Para-Triatlo.<\/span><\/li>\n<\/ul>\n","protected":false},"excerpt":{"rendered":"<p>Apresenta\u00e7\u00e3o A Miss\u00e3o da Federa\u00e7\u00e3o de Triatlo de Portugal consiste [&hellip;]<\/p>\n","protected":false},"author":10002,"featured_media":0,"parent":41647,"menu_order":0,"comment_status":"closed","ping_status":"closed","template":"","meta":{"footnotes":""},"_links":{"self":[{"href":"https:\/\/www.federacao-triatlo.pt\/ftp2015\/wp-json\/wp\/v2\/pages\/41648"}],"collection":[{"href":"https:\/\/www.federacao-triatlo.pt\/ftp2015\/wp-json\/wp\/v2\/pages"}],"about":[{"href":"https:\/\/www.federacao-triatlo.pt\/ftp2015\/wp-json\/wp\/v2\/types\/page"}],"author":[{"embeddable":true,"href":"https:\/\/www.federacao-triatlo.pt\/ftp2015\/wp-json\/wp\/v2\/users\/10002"}],"replies":[{"embeddable":true,"href":"https:\/\/www.federacao-triatlo.pt\/ftp2015\/wp-json\/wp\/v2\/comments?post=41648"}],"version-history":[{"count":3,"href":"https:\/\/www.federacao-triatlo.pt\/ftp2015\/wp-json\/wp\/v2\/pages\/41648\/revisions"}],"predecessor-version":[{"id":99790,"href":"https:\/\/www.federacao-triatlo.pt\/ftp2015\/wp-json\/wp\/v2\/pages\/41648\/revisions\/99790"}],"up":[{"embeddable":true,"href":"https:\/\/www.federacao-triatlo.pt\/ftp2015\/wp-json\/wp\/v2\/pages\/41647"}],"wp:attachment":[{"href":"https:\/\/www.federacao-triatlo.pt\/ftp2015\/wp-json\/wp\/v2\/media?parent=41648"}],"curies":[{"name":"wp","href":"https:\/\/api.w.org\/{rel}","templated":true}]}}