{"id":36554,"date":"2018-05-25T17:32:09","date_gmt":"2018-05-25T16:32:09","guid":{"rendered":"https:\/\/www.federacao-triatlo.pt\/ftp2015\/?page_id=36554"},"modified":"2023-08-22T15:49:44","modified_gmt":"2023-08-22T14:49:44","slug":"politica-de-privacidade","status":"publish","type":"page","link":"https:\/\/www.federacao-triatlo.pt\/ftp2015\/politica-de-privacidade\/","title":{"rendered":"Pol\u00edtica de Privacidade"},"content":{"rendered":"<p><strong>Pol\u00edtica de Privacidade<\/strong><\/p>\n<p>A <strong>Federa\u00e7\u00e3o de Triatlo de Portugal<\/strong> est\u00e1 empenhada em proteger e respeitar a sua privacidade, tendo para o efeito elaborado a presente Pol\u00edtica de Privacidade com o objetivo de lhe dar a conhecer o nosso compromisso e respeito para com as regras relativas \u00e0 privacidade e \u00e0 prote\u00e7\u00e3o de dados pessoais que recolhemos e tratamos em respeito com a legisla\u00e7\u00e3o nacional e comunit\u00e1ria (Regulamento Geral de Prote\u00e7\u00e3o dos Dados Pessoais UE_2016-679 e Lei N\u00ba58\/2019 de 8 de agosto).<\/p>\n<p>O respons\u00e1vel pelo tratamento, para efeitos do Regulamento Geral de Prote\u00e7\u00e3o de Dados (RGPD) e outras leis de prote\u00e7\u00e3o de dados aplic\u00e1veis, \u00e9:<\/p>\n<p><strong>Federa\u00e7\u00e3o de Triatlo de Portugal<\/strong> &#8211; NIF:502257270<\/p>\n<p>Alameda do Sabugueiro, 1 B Murganhal, 2760-128 Caxias Portugal<\/p>\n<p><a href=\"mailto:dpo@federacao-triatlo.pt\">dpo@federacao-triatlo.pt<\/a> | www.federacao-triatlo.pt<\/p>\n<p>O tratamento dos dados pessoais \u00e9 realizado pela <strong>Federa\u00e7\u00e3o de Triatlo de Portugal<\/strong> com as seguintes licitudes:<\/p>\n<ol>\n<li>No \u00e2mbito do contrato de Atleta federado e Atleta participante em provas desportivas no \u00e2mbito da miss\u00e3o da Federa\u00e7\u00e3o;<\/li>\n<li>No \u00e2mbito do contrato estabelecido com colaboradores internos e externos e representantes de institui\u00e7\u00f5es Parceiras e Fornecedores;<\/li>\n<li>Express\u00e3o de consentimento livre de candidatos e subscritores de comunica\u00e7\u00f5es como newsletters;<\/li>\n<li>Cumprimento de obriga\u00e7\u00f5es legais a que a <strong>Federa\u00e7\u00e3o de Triatlo de Portugal<\/strong> est\u00e1 sujeita.<\/li>\n<\/ol>\n<p>Os dados pessoais tratados no \u00e2mbito do contrato com Colaboradores internos e Atletas s\u00e3o dados de identifica\u00e7\u00e3o, desempenho e sa\u00fade; os restantes tratamentos restringem-se a dados de identifica\u00e7\u00e3o (nome, morada, n\u00famero de contacto, n\u00famero fiscal, quando aplic\u00e1vel)<\/p>\n<p>Quando o tratamento dos dados for efetuado por terceiros processadores, a <strong>Federa\u00e7\u00e3o de Triatlo de Portugal<\/strong> qualifica-os de forma a obter as garantias suficientes que assegurem que o tratamento satisfaz os requisitos do RGPD e assegure a defesa dos direitos dos titulares dos dados pessoais.<\/p>\n<p>De acordo com a nossa pol\u00edtica de reten\u00e7\u00e3o, os dados pessoais ser\u00e3o destru\u00eddos logo que termine a sua licitude e finalidade ou sempre que requerido pelo seu titular por email para dpo@federacao-triatlo.pt com o assunto \u201cRemover\u201d.<\/p>\n<p>Nomeadamente, ser\u00e3o destru\u00eddos os dados pessoais relativos aos:<\/p>\n<ol>\n<li>Atletas e representantes de institui\u00e7\u00f5es Parceiras e Fornecedores, at\u00e9 5 anos ap\u00f3s fim do contrato, com exce\u00e7\u00e3o de informa\u00e7\u00e3o fiscal obrigat\u00f3ria;<\/li>\n<li>Candidatos a Colaboradores internos e externos, at\u00e9 6 meses ap\u00f3s rece\u00e7\u00e3o, salvo se os candidatos tenham sido entrevistados;<\/li>\n<li>Subscritores de comunica\u00e7\u00f5es, at\u00e9 10 anos.<\/li>\n<\/ol>\n<p>Como titular dos dados pessoais, tem os seguintes direitos:<\/p>\n<ol>\n<li>Direito a obter a confirma\u00e7\u00e3o de que os dados que lhe digam respeito s\u00e3o ou n\u00e3o objeto de tratamento e, se for o caso, de aceder aos seus dados pessoais e aceder \u00e0s informa\u00e7\u00f5es previstas na lei;<\/li>\n<li>Direito a que a <strong>Federa\u00e7\u00e3o de Triatlo de Portugal<\/strong>, sem demora injustificada, retifique os dados inexatos ou incompletos que lhe digam respeito;<\/li>\n<li>Direito de solicitar o apagamento dos seus dados, sem demora injustificada, quando se aplique, designadamente, um dos seguintes motivos:<\/li>\n<\/ol>\n<p>&#8211; Os dados pessoais deixaram de ser necess\u00e1rios para a finalidade que motivou a sua recolha ou tratamento;<\/p>\n<p>&#8211; Retirou o seu consentimento para o tratamento de dados (quando aplic\u00e1vel) e n\u00e3o existir outro fundamento para o referido tratamento;<\/p>\n<p>&#8211; Op\u00f5e-se ao tratamento e n\u00e3o existem interesses leg\u00edtimos prevalecentes que justifiquem o tratamento.<\/p>\n<ol>\n<li>Direito de solicitar a limita\u00e7\u00e3o do tratamento dos seus dados pessoais quando:<\/li>\n<\/ol>\n<p>&#8211; Contestar a sua exatid\u00e3o, durante o per\u00edodo que permita a <strong>Federa\u00e7\u00e3o de Triatlo de Portugal<\/strong> verificar a sua exatid\u00e3o;<\/p>\n<p>&#8211; O tratamento de dados for l\u00edcito e o titular dos dados se opuser ao apagamento dos dados pessoais e solicitar, em contrapartida, a limita\u00e7\u00e3o da sua utiliza\u00e7\u00e3o;<\/p>\n<p>&#8211; A <strong>Federa\u00e7\u00e3o de Triatlo de Portugal<\/strong> j\u00e1 n\u00e3o precisar dos dados pessoais para fins de tratamento, mas esses dados s\u00e3o requeridos pelo titular para efeitos de declara\u00e7\u00e3o, exerc\u00edcio ou defesa de um direito num processo judicial;<\/p>\n<ol>\n<li>Direito de retirar o seu consentimento, quando aplic\u00e1vel;<\/li>\n<li>Direito de apresentar uma reclama\u00e7\u00e3o para a Autoridade Controlo CNPD.<\/li>\n<\/ol>\n<p>Caso pretenda exercer os seus direitos, dever\u00e1 contactar-nos, por escrito, atrav\u00e9s do e-mail dpo@federacao-triatlo.pt ou por correio postal para a morada da sede. Para garantir a sua prote\u00e7\u00e3o, poder\u00e1 ser pedida prova da sua identidade.<\/p>\n<p>A <strong>Federa\u00e7\u00e3o de Triatlo de Portugal<\/strong> reserva-se o direito de rever periodicamente a atual pol\u00edtica, pelo que recomendamos que consulte periodicamente a p\u00e1gina <a href=\"http:\/\/www.federacao-triatlo.pt\">www.federacao-triatlo.pt<\/a><\/p>\n<p>Aprovada em dezembro 2020<\/p>\n<p><strong>Presidente Federa\u00e7\u00e3o de Triatlo de Portugal<\/strong><\/p>\n<p>&nbsp;<\/p>\n<p>&nbsp;<\/p>\n<h3 class=\"strong\">COOKIES<\/h3>\n<p>Utilizamos cookies pr\u00f3prios e cookies de terceiros. A Federa\u00e7\u00e3o de Triatlo de Portugal poder\u00e1 utilizar os \u201ccookies\u201d gerados pelo utilizador ao navegar pelas suas p\u00e1ginas web. Os cookies que possam ser utilizados est\u00e3o associados exclusivamente ao navegador de um computador espec\u00edfico (ou seja, o utilizador \u00e9 an\u00f3nimo), e n\u00e3o proporcionam nenhum dado pessoal do utilizador. Os cookies servem apenas para fins exclusivamente internos, como s\u00e3o as estat\u00edsticas de acesso a web. Os cookies utilizados n\u00e3o podem ler os arquivos cookies criados por outros provedores ou p\u00e1ginas web. O Utilizador tem a possibilidade de configurar seu navegador para ser avisado sobre a recep\u00e7\u00e3o de cookies e para impedir a instala\u00e7\u00e3o de cookies em seu disco r\u00edgido.<\/p>\n<p>Para tornar o nosso site mais f\u00e1cil usamos Cookies, os Cookies s\u00e3o pequenos arquivos de dados que nos permitem comparar os novos e anteriores visitantes, entender como os utilizadores navegam pelo nosso site e quais as informa\u00e7\u00f5es que podemos usar para tornar a experi\u00eancia mais eficaz no futuro. Os Cookies n\u00e3o registam nenhuma informa\u00e7\u00e3o pessoal sobre um utilizador, e dados identificativos nunca ser\u00e3o armazenados. Se quiser evitar a utiliza\u00e7\u00e3o de Cookies, deve ajustar as configura\u00e7\u00f5es do seu computador para apagar todos os Cookies dos sites ou notific\u00e1-lo atrav\u00e9s de um aviso se h\u00e1 Cookies a ser armazenados. Para avan\u00e7ar sem alterar as suas prefer\u00eancias de Cookies, continue para o site.<\/p>\n<p>Visite <a href=\"http:\/\/www.aboutcookies.org\" target=\"_blank\" rel=\"noopener noreferrer\">www.aboutcookies.org<\/a> para obter mais informa\u00e7\u00f5es sobre Cookies e como eles o afectam a si e a sua experi\u00eancia de navega\u00e7\u00e3o.<\/p>\n<p>Os tipos de Cookies que utilizamos: os Cookies estritamente necess\u00e1rios Estes Cookies s\u00e3o necess\u00e1rios para que seja capaz de navegar pelo site e usar as suas funcionalidades, como aceder a \u00e1reas seguras do site. Sem os Cookies, servi\u00e7os que requisitar, como por exemplo preencher formul\u00e1rios, n\u00e3o podem ser utilizados.<\/p>\n<p><strong>Cookies de desempenho<\/strong><br \/>\nEstes Cookies recolhem informa\u00e7\u00f5es sobre como os utilizadores utilizam um site, por exemplo, quais as p\u00e1ginas que visitam mais vezes e se recebem mensagens de erro de p\u00e1ginas da internet. Estes Cookies n\u00e3o recolhem informa\u00e7\u00f5es que identifiquem um utilizador. Todas as informa\u00e7\u00f5es que estes Cookies recolhem s\u00e3o agregadas e, portanto, an\u00f3nimas. S\u00e3o usadas apenas para melhorar a forma como um site funciona. Ao utilizar nosso site, concorda que podemos colocar este tipo de Cookies no seu dispositivo.<\/p>\n<p><strong>Cookies de funcionalidade<\/strong><br \/>\nEstes Cookies permitem ao site memorizar as escolhas que faz (como o seu nome de utilizador, a l\u00edngua ou a localidade em que est\u00e1) e oferecer funcionalidades otimizadas e personalizadas. Estes Cookies podem ser usados ainda para memorizar altera\u00e7\u00f5es feitas ao tamanho do texto, tipos de letra e outras partes das p\u00e1ginas web que pode personalizar. Tamb\u00e9m podem ser usados para fornecer servi\u00e7os que tenha solicitado, como fazer um coment\u00e1rio. A informa\u00e7\u00e3o destes Cookies pode ser tornada an\u00f3nima e n\u00e3o \u00e9 poss\u00edvel seguir as suas atividades de navega\u00e7\u00e3o em outros sites. Ao utilizar nosso site, concorda que podemos colocar este tipo de Cookies no seu dispositivo.<\/p>\n<p><strong>COMO GERIR COOKIES NOS PCS<\/strong><br \/>\nSe quiser permitir os Cookies do nosso site, siga os passos abaixo:<\/p>\n<p><strong>Google Chrome<\/strong><br \/>\n1. Clique em \u201cFerramentas\u201d no topo da janela do seu navegador e selecione \u201cOp\u00e7\u00f5es\u201d<br \/>\n2. Clique no tab \u201cUnder the Hood\u201d, localize a sec\u00e7\u00e3o \u201cPrivacidade\u201d, e selecione o bot\u00e3o \u201cContent Settings\u201d.<br \/>\n3. Selecione \u201cAllow local data to be set\u201d<\/p>\n<p><strong>Microsoft Internet Explorer 6.0, 7.0, 8.0, 9.0<\/strong><br \/>\n1. Clique em \u201cFerramentas\u201d no topo da janela do seu navegador, selecione \u201cOp\u00e7\u00f5es da Internet\u201d e clique na tab \u201cPrivacidade\u201d<br \/>\n2. Certifique-se que o seu n\u00edvel de privacidade est\u00e1 definido para M\u00e9dio ou inferior, o que permitir\u00e1 os Cookies no seu navegador<br \/>\n3. Prefer\u00eancias acima de M\u00e9dio ir\u00e3o desativar os Cookies<\/p>\n<p><strong>Mozilla Firefox<\/strong><br \/>\n1. Clique em \u201cFerramentas\u201d no topo da janela do seu navegador e seleccione \u201cOp\u00e7\u00f5es\u201d<br \/>\n2. Em seguida, selecione o \u00edcone \u201cPrivacidade\u201d<br \/>\n3. Clique em \u201cCookies\u201d e selecione \u201cAllow sites to set Cookies\u201d<\/p>\n<p><strong>Safari<\/strong><br \/>\n1. Clique no \u00edcone da Roda Dentada no topo da janela do seu navegador e selecione \u201cSettings\u201d<br \/>\n2. Clique em \u201cSeguran\u00e7a\u201d e assinale a caixa que diz \u201cBlock third-party and advertising Cookies\u201d<br \/>\n3. Clique \u201cGuardar\u201d<\/p>\n<p><strong>Como gerir Cookies nos dispositivos Mac<\/strong><\/p>\n<p>Se quiser permitir os Cookies do nosso site, siga os passos abaixo:<\/p>\n<p><strong>Microsoft Internet Explorer 5.0 OSX<\/strong><br \/>\n1. Clique em \u201cExplorer\u201d no topo da janela do seu navegador e selecione \u201cPrefer\u00eancias\u201d<br \/>\n2. Fa\u00e7a scroll para baixo at\u00e9 ver \u201cCookies\u201d por baixo de \u201cReceiving Files\u201d<br \/>\n3. Selecione a op\u00e7\u00e3o\u201d Never Ask\u201d<\/p>\n<p><strong>Safari OSX<\/strong><br \/>\n1. Clique em \u201cSafari\u201d no topo da janela do seu navegador e selecione \u201cPrefer\u00eancias\u201d<br \/>\n2. Clique em \u201cSeguran\u00e7a\u201d e depois \u201cAceitar Cookies\u201d<br \/>\n3. Selecione \u201cOnly from sites you navigate to\u201d<\/p>\n<p><strong>Mozilla e Netscape OSX<\/strong><br \/>\n1. Clique em \u201cMozilla\u201d ou \u201cNetscape\u201d na parte superior da janela do navegador e selecione \u201cPrefer\u00eancias\u201d<br \/>\n2. Fa\u00e7a scroll para baixo at\u00e9 ver os Cookies por baixo de \u201cPrivacidade &amp; Seguran\u00e7a\u201d<br \/>\n3. Escolha \u201cEnable Cookies for the originating web site only\u201d<\/p>\n<p><strong>Opera<\/strong><br \/>\n1. Clique em \u201cMenu\u201d no topo da janela do seu navegador e selecione \u201cSettings\u201d<br \/>\n2. Em seguida, selecione \u201cPrefer\u00eancias\u201d e seleccione a tab \u201cAdvanced\u201d<br \/>\n3. Depois selecione a op\u00e7\u00e3o \u201cAceitar Cookies\u201d<\/p>\n","protected":false},"excerpt":{"rendered":"<p>Pol\u00edtica de Privacidade A Federa\u00e7\u00e3o de Triatlo de Portugal est\u00e1 [&hellip;]<\/p>\n","protected":false},"author":1,"featured_media":0,"parent":0,"menu_order":10,"comment_status":"closed","ping_status":"closed","template":"","meta":{"footnotes":""},"_links":{"self":[{"href":"https:\/\/www.federacao-triatlo.pt\/ftp2015\/wp-json\/wp\/v2\/pages\/36554"}],"collection":[{"href":"https:\/\/www.federacao-triatlo.pt\/ftp2015\/wp-json\/wp\/v2\/pages"}],"about":[{"href":"https:\/\/www.federacao-triatlo.pt\/ftp2015\/wp-json\/wp\/v2\/types\/page"}],"author":[{"embeddable":true,"href":"https:\/\/www.federacao-triatlo.pt\/ftp2015\/wp-json\/wp\/v2\/users\/1"}],"replies":[{"embeddable":true,"href":"https:\/\/www.federacao-triatlo.pt\/ftp2015\/wp-json\/wp\/v2\/comments?post=36554"}],"version-history":[{"count":1,"href":"https:\/\/www.federacao-triatlo.pt\/ftp2015\/wp-json\/wp\/v2\/pages\/36554\/revisions"}],"predecessor-version":[{"id":77848,"href":"https:\/\/www.federacao-triatlo.pt\/ftp2015\/wp-json\/wp\/v2\/pages\/36554\/revisions\/77848"}],"wp:attachment":[{"href":"https:\/\/www.federacao-triatlo.pt\/ftp2015\/wp-json\/wp\/v2\/media?parent=36554"}],"curies":[{"name":"wp","href":"https:\/\/api.w.org\/{rel}","templated":true}]}}