{"id":33664,"date":"2018-04-10T16:17:35","date_gmt":"2018-04-10T15:17:35","guid":{"rendered":"https:\/\/www.federacao-triatlo.pt\/ftp2015\/?page_id=33664"},"modified":"2026-01-20T17:58:03","modified_gmt":"2026-01-20T17:58:03","slug":"lista-de-treinadores-acreditados-na-ftp","status":"publish","type":"page","link":"https:\/\/www.federacao-triatlo.pt\/ftp2015\/formacao\/lista-de-treinadores-acreditados-na-ftp\/","title":{"rendered":"Lista de Treinadores Acreditados na FTP"},"content":{"rendered":"<div class=\"fusion-fullwidth fullwidth-box fusion-builder-row-1 fusion-flex-container nonhundred-percent-fullwidth non-hundred-percent-height-scrolling\" style=\"--awb-border-radius-top-left:0px;--awb-border-radius-top-right:0px;--awb-border-radius-bottom-right:0px;--awb-border-radius-bottom-left:0px;--awb-flex-wrap:wrap;\" ><div class=\"fusion-builder-row fusion-row fusion-flex-align-items-flex-start fusion-flex-content-wrap\" style=\"max-width:1476px;margin-left: calc(-23% \/ 2 );margin-right: calc(-23% \/ 2 );\"><div class=\"fusion-layout-column fusion_builder_column fusion-builder-column-0 fusion_builder_column_1_1 1_1 fusion-flex-column\" style=\"--awb-bg-size:cover;--awb-width-large:100%;--awb-margin-top-large:0px;--awb-spacing-right-large:8.855%;--awb-margin-bottom-large:0px;--awb-spacing-left-large:8.855%;--awb-width-medium:100%;--awb-spacing-right-medium:8.855%;--awb-spacing-left-medium:8.855%;--awb-width-small:100%;--awb-spacing-right-small:8.855%;--awb-spacing-left-small:8.855%;\"><div class=\"fusion-column-wrapper fusion-flex-justify-content-flex-start fusion-content-layout-column\"><div class=\"fusion-text fusion-text-1\"><p>Os treinadores nesta listagem, s\u00e3o cumulativamente:<\/p>\n<p>&#8211; detentores de T\u00edtulo Profissional de Treinador de Desporto v\u00e1lido, emitido pelo IPDJ;<br \/>\n&#8211; treinadores licenciados na FTP, na presente \u00e9poca.<\/p>\n<p>Para constarem desta lista, os interessados dever\u00e3o enviar c\u00f3pia da c\u00e9dula de treinador e c\u00f3pia da ficha de licenciamento de treinador da FTP para formacao@federacao-triatlo.pt.<\/p>\n<p>No caso de pretenderem divulgar os seus contactos no site da FTP, devem remeter a ficha em anexo.<\/p>\n<p><a href=\"https:\/\/www.federacao-triatlo.pt\/ftp2015\/wp-content\/uploads\/2021\/01\/Ficha_Treinadores2019_autorizacao_site_2021.docx-1.pdf\" target=\"_blank\" rel=\"noopener noreferrer\">Ficha de autoriza\u00e7\u00e3o de divulga\u00e7\u00e3o de dados (treinadores)<\/a><\/p>\n<p><iframe style=\"width: 100%; max-width: 100%; border: 0; min-height: 600px;\" src=\"https:\/\/docs.google.com\/spreadsheets\/d\/e\/2PACX-1vT08sLDBn9Ve3ZH8gzWM6iStulwmeHl1N4f3yBRPy2Mt3Vh6q30hz1PWlRI7B1rQly4xg35uzVETM6z\/pubhtml?widget=true&amp;headers=false\" frameborder=\"0\"><span data-mce-type=\"bookmark\" style=\"display: inline-block; width: 0px; overflow: hidden; line-height: 0;\" class=\"mce_SELRES_start\">\ufeff<\/span><span data-mce-type=\"bookmark\" style=\"display: inline-block; width: 0px; overflow: hidden; line-height: 0;\" class=\"mce_SELRES_start\">\ufeff<\/span><\/iframe><\/p>\n<\/div><\/div><\/div><\/div><\/div>\n","protected":false},"excerpt":{"rendered":"","protected":false},"author":13,"featured_media":0,"parent":89116,"menu_order":3,"comment_status":"closed","ping_status":"closed","template":"","meta":{"footnotes":""},"_links":{"self":[{"href":"https:\/\/www.federacao-triatlo.pt\/ftp2015\/wp-json\/wp\/v2\/pages\/33664"}],"collection":[{"href":"https:\/\/www.federacao-triatlo.pt\/ftp2015\/wp-json\/wp\/v2\/pages"}],"about":[{"href":"https:\/\/www.federacao-triatlo.pt\/ftp2015\/wp-json\/wp\/v2\/types\/page"}],"author":[{"embeddable":true,"href":"https:\/\/www.federacao-triatlo.pt\/ftp2015\/wp-json\/wp\/v2\/users\/13"}],"replies":[{"embeddable":true,"href":"https:\/\/www.federacao-triatlo.pt\/ftp2015\/wp-json\/wp\/v2\/comments?post=33664"}],"version-history":[{"count":9,"href":"https:\/\/www.federacao-triatlo.pt\/ftp2015\/wp-json\/wp\/v2\/pages\/33664\/revisions"}],"predecessor-version":[{"id":105613,"href":"https:\/\/www.federacao-triatlo.pt\/ftp2015\/wp-json\/wp\/v2\/pages\/33664\/revisions\/105613"}],"up":[{"embeddable":true,"href":"https:\/\/www.federacao-triatlo.pt\/ftp2015\/wp-json\/wp\/v2\/pages\/89116"}],"wp:attachment":[{"href":"https:\/\/www.federacao-triatlo.pt\/ftp2015\/wp-json\/wp\/v2\/media?parent=33664"}],"curies":[{"name":"wp","href":"https:\/\/api.w.org\/{rel}","templated":true}]}}