{"id":102744,"date":"2025-05-16T15:29:42","date_gmt":"2025-05-16T14:29:42","guid":{"rendered":"https:\/\/www.federacao-triatlo.pt\/ftp2015\/?page_id=102744"},"modified":"2025-05-16T15:30:55","modified_gmt":"2025-05-16T14:30:55","slug":"parceiros","status":"publish","type":"page","link":"https:\/\/www.federacao-triatlo.pt\/ftp2015\/clubes-e-atletas\/parceiros\/","title":{"rendered":"Parceiros"},"content":{"rendered":"<div class=\"fusion-fullwidth fullwidth-box fusion-builder-row-1 fusion-flex-container has-pattern-background has-mask-background nonhundred-percent-fullwidth non-hundred-percent-height-scrolling\" style=\"--awb-border-radius-top-left:0px;--awb-border-radius-top-right:0px;--awb-border-radius-bottom-right:0px;--awb-border-radius-bottom-left:0px;--awb-flex-wrap:wrap;\" ><div class=\"fusion-builder-row fusion-row fusion-flex-align-items-flex-start fusion-flex-content-wrap\" style=\"max-width:1476px;margin-left: calc(-23% \/ 2 );margin-right: calc(-23% \/ 2 );\"><div class=\"fusion-layout-column fusion_builder_column fusion-builder-column-0 fusion_builder_column_1_1 1_1 fusion-flex-column\" style=\"--awb-bg-size:cover;--awb-width-large:100%;--awb-margin-top-large:0px;--awb-spacing-right-large:8.855%;--awb-margin-bottom-large:20px;--awb-spacing-left-large:8.855%;--awb-width-medium:100%;--awb-order-medium:0;--awb-spacing-right-medium:8.855%;--awb-spacing-left-medium:8.855%;--awb-width-small:100%;--awb-order-small:0;--awb-spacing-right-small:8.855%;--awb-spacing-left-small:8.855%;\"><div class=\"fusion-column-wrapper fusion-column-has-shadow fusion-flex-justify-content-flex-start fusion-content-layout-column\"><div class=\"fusion-post-slider fusion-flexslider fusion-flexslider-loading flexslider-posts-with-excerpt\"><ul class=\"slides\"><li><a href=\"https:\/\/www.federacao-triatlo.pt\/ftp2015\/federacao-lanca-servicos-de-nutricao-para-todos-os-licenciados\/\" aria-label=\"Federa\u00e7\u00e3o lan\u00e7a servi\u00e7os de nutri\u00e7\u00e3o para todos os licenciados\"><img decoding=\"async\" width=\"1200\" height=\"630\" class=\"wp-image-102683\" src=\"https:\/\/www.federacao-triatlo.pt\/ftp2015\/wp-content\/uploads\/2025\/05\/Promo-Facebook-Facebook-link-image-2025-05-13T120718.786.jpeg\" alt=\"\" srcset=\"https:\/\/www.federacao-triatlo.pt\/ftp2015\/wp-content\/uploads\/2025\/05\/Promo-Facebook-Facebook-link-image-2025-05-13T120718.786-200x105.jpeg 200w, https:\/\/www.federacao-triatlo.pt\/ftp2015\/wp-content\/uploads\/2025\/05\/Promo-Facebook-Facebook-link-image-2025-05-13T120718.786-400x210.jpeg 400w, https:\/\/www.federacao-triatlo.pt\/ftp2015\/wp-content\/uploads\/2025\/05\/Promo-Facebook-Facebook-link-image-2025-05-13T120718.786-600x315.jpeg 600w, https:\/\/www.federacao-triatlo.pt\/ftp2015\/wp-content\/uploads\/2025\/05\/Promo-Facebook-Facebook-link-image-2025-05-13T120718.786-800x420.jpeg 800w, https:\/\/www.federacao-triatlo.pt\/ftp2015\/wp-content\/uploads\/2025\/05\/Promo-Facebook-Facebook-link-image-2025-05-13T120718.786.jpeg 1200w\" sizes=\"(max-width: 1024px) 100vw, (max-width: 640px) 100vw, 1200px\" \/><\/a><div class=\"slide-excerpt\"><div class=\"excerpt-container\"><h2><a href=\"https:\/\/www.federacao-triatlo.pt\/ftp2015\/federacao-lanca-servicos-de-nutricao-para-todos-os-licenciados\/\">Federa\u00e7\u00e3o lan\u00e7a servi\u00e7os de nutri\u00e7\u00e3o para todos os licenciados<\/a><\/h2><p>A Federa\u00e7\u00e3o de Triatlo de Portugal estabeleceu uma parceria com a nutricionista Joana Santos Rom\u00e3o (CP:4894N) no sentido de disponibilizar, a todos os triatletas licenciados (elite e n\u00e3o elite), acompanhamento nutricional espec\u00edfico associado \u00e0 pr\u00e1tica [...]<\/p><\/div><\/div><\/li><li><a href=\"https:\/\/www.federacao-triatlo.pt\/ftp2015\/parceria-com-fotop-garante-mais-fotografias-e-valorizacao-dos-fotografos\/\" aria-label=\"Parceria com Fotop garante mais fotografias e valoriza\u00e7\u00e3o dos fot\u00f3grafos\"><img decoding=\"async\" width=\"980\" height=\"551\" class=\"wp-image-102196\" src=\"https:\/\/www.federacao-triatlo.pt\/ftp2015\/wp-content\/uploads\/2025\/03\/fotop.png\" alt=\"\" srcset=\"https:\/\/www.federacao-triatlo.pt\/ftp2015\/wp-content\/uploads\/2025\/03\/fotop-200x112.png 200w, https:\/\/www.federacao-triatlo.pt\/ftp2015\/wp-content\/uploads\/2025\/03\/fotop-400x225.png 400w, https:\/\/www.federacao-triatlo.pt\/ftp2015\/wp-content\/uploads\/2025\/03\/fotop-600x337.png 600w, https:\/\/www.federacao-triatlo.pt\/ftp2015\/wp-content\/uploads\/2025\/03\/fotop-800x450.png 800w, https:\/\/www.federacao-triatlo.pt\/ftp2015\/wp-content\/uploads\/2025\/03\/fotop.png 980w\" sizes=\"(max-width: 1024px) 100vw, (max-width: 640px) 100vw, 980px\" \/><\/a><div class=\"slide-excerpt\"><div class=\"excerpt-container\"><h2><a href=\"https:\/\/www.federacao-triatlo.pt\/ftp2015\/parceria-com-fotop-garante-mais-fotografias-e-valorizacao-dos-fotografos\/\">Parceria com Fotop garante mais fotografias e valoriza\u00e7\u00e3o dos fot\u00f3grafos<\/a><\/h2><p> A Federa\u00e7\u00e3o de Triatlo de Portugal e a Fotop fecharam uma parceria que vai permitir, por um lado, o acesso dos atletas a mais fotografias das provas, assim como valorizar devidamente o trabalho dos [...]<\/p><\/div><\/div><\/li><\/ul><\/div><\/div><\/div><\/div><\/div>\n","protected":false},"excerpt":{"rendered":"","protected":false},"author":4,"featured_media":0,"parent":527,"menu_order":0,"comment_status":"closed","ping_status":"closed","template":"","meta":{"footnotes":""},"_links":{"self":[{"href":"https:\/\/www.federacao-triatlo.pt\/ftp2015\/wp-json\/wp\/v2\/pages\/102744"}],"collection":[{"href":"https:\/\/www.federacao-triatlo.pt\/ftp2015\/wp-json\/wp\/v2\/pages"}],"about":[{"href":"https:\/\/www.federacao-triatlo.pt\/ftp2015\/wp-json\/wp\/v2\/types\/page"}],"author":[{"embeddable":true,"href":"https:\/\/www.federacao-triatlo.pt\/ftp2015\/wp-json\/wp\/v2\/users\/4"}],"replies":[{"embeddable":true,"href":"https:\/\/www.federacao-triatlo.pt\/ftp2015\/wp-json\/wp\/v2\/comments?post=102744"}],"version-history":[{"count":3,"href":"https:\/\/www.federacao-triatlo.pt\/ftp2015\/wp-json\/wp\/v2\/pages\/102744\/revisions"}],"predecessor-version":[{"id":102747,"href":"https:\/\/www.federacao-triatlo.pt\/ftp2015\/wp-json\/wp\/v2\/pages\/102744\/revisions\/102747"}],"up":[{"embeddable":true,"href":"https:\/\/www.federacao-triatlo.pt\/ftp2015\/wp-json\/wp\/v2\/pages\/527"}],"wp:attachment":[{"href":"https:\/\/www.federacao-triatlo.pt\/ftp2015\/wp-json\/wp\/v2\/media?parent=102744"}],"curies":[{"name":"wp","href":"https:\/\/api.w.org\/{rel}","templated":true}]}}